(q) = q**2 + 10*q + 8. Let w be h(z). Let m(t) = 5*t**2 + 5*t + 11. Is m(w) prime?
False
Let r = 467 + 336. Is r composite?
True
Suppose 0 = 5*k - 2*k - 48. Is 550 - (-2 + 20/k)*4 a composite number?
True
Let q = -25275 + 44152. Is q a prime number?
False
Let k(s) = 1700*s**2 - 203*s**2 + 554*s**2 - 3*s + 3. Is k(1) a composite number?
True
Let c(g) = -12*g + 3. Let f(a) = -11*a + 4. Let x(o) = 3*c(o) - 4*f(o). Let w be x(14). Is 30/w - (-355)/7 a composite number?
True
Suppose 531 - 27 = 3*y. Suppose 3*n - y = -n. Let d = n + 119. Is d a composite number?
True
Suppose -6*j + 2*j + 5*u + 16 = 0, 0 = 3*j + 2*u - 12. Suppose 879 = 3*i - 5*m + m, i - j*m = 285. Let p = 446 - i. Is p a prime number?
True
Is (-1)/(518/519 - 1) composite?
True
Let d(b) = -b + 3. Let j be d(-19). Let o(q) = -q**3 + 20*q**2 + 45*q + 3. Is o(j) prime?
False
Let u = 4354 + -8788. Let x = 2 + -6. Is u/(-10) + x/10 a prime number?
True
Suppose 0 = 75*h - 96*h + 526911. Is h a composite number?
True
Suppose 4*q + 6202 = 5*f, -2*f = -0*f + 2*q - 2488. Let l = f + -563. Is l prime?
False
Suppose 0 = -28*k + 29*k - 2023. Let f = k - 1382. Is f a prime number?
True
Let s(v) = v**3 + 8*v**2 + 14*v - 4. Let q be s(-4). Let a = -1 + 2. Is ((-4477)/(-44))/(a/q) prime?
False
Suppose p - 23 = -5. Let t be (3/(-2))/(9/p). Is 50 - (0 + t)*-1 a composite number?
False
Suppose -2*s = 67 - 367. Suppose -2*w + s + 380 = 0. Suppose -162 = -h + w. Is h a composite number?
True
Suppose 0 = 4*l + 5 + 3. Let a be l/11 + 536/44. Is 774/8 + 3/a a prime number?
True
Is 2/(-5) - 847786/(-290) composite?
True
Let y(a) = -702*a + 4. Let k(h) = 234*h - 1. Let g(q) = 7*k(q) + 2*y(q). Is g(2) a prime number?
False
Let z = 305 + -172. Let o = 207 - z. Is o prime?
False
Let j = -143050 - -210008. Is j a prime number?
False
Suppose -8 = -d - d. Suppose 0 = -4*k - d, n - 4*n + 3 = 3*k. Suppose -52 = n*s - 4*s. Is s a prime number?
False
Suppose 2*q - 422 = 2*f, 5*q - 951 = -3*f + 104. Is q a composite number?
False
Let k = 12044 - 7815. Is k a prime number?
True
Let k(z) = -2*z**2 + 25*z - 1. Let w be k(12). Let c(n) = n**3 + 13 + 5*n - 11*n**2 - n + 0*n**3. Is c(w) a prime number?
False
Is (1 + 0 + 1)*10827306/252 a composite number?
False
Let z be -9*((-42)/(-9) + -4). Is (3/2)/(z/(-596)) a composite number?
False
Let a(n) = -5*n**3 - 5*n**2 + 21*n + 58. Is a(-7) a prime number?
True
Suppose 11*u + 3226 = 729. Let t = -828 + 490. Let h = u - t. Is h composite?
True
Let m = -20 - -27. Let r(s) = 7*s**2 - 6*s + 6. Is r(m) a prime number?
True
Let l = 87 + -87. Suppose l = -4*h + 24733 - 4209. Is h a composite number?
True
Let q(j) = j**2 + 2*j + 744 + j**3 - 739 - 3*j**3. Is q(-4) prime?
False
Let g(u) = 18*u**3 - 14*u**2 - 5*u - 5. Suppose 4*m = -0*i + i + 25, 5*m + 2*i = 28. Is g(m) a composite number?
True
Suppose 5*k - 4*b = 2051, 150 = 4*k - b - 1482. Is k prime?
False
Let p = 23839 - 15202. Is p a prime number?
False
Let y be (-8 + -1)*1*(-30)/45. Suppose 11*f + v - 9170 = y*f, -2*v = -2*f + 3680. Is f prime?
False
Suppose 0 = 27*c - 21*c - 7554. Is c a prime number?
True
Let x be 2 - 5 - (10 - 1). Is -1 + 1 + (2047 - x) a composite number?
True
Suppose 17*k = 19*k - 15586. Is k composite?
False
Suppose 2*m - 12 = -3*x, 2*x + 12 = 5*x - 5*m. Suppose 2*q - x*a - 292 = -a, q = -a + 151. Is q composite?
False
Suppose 0*z = -z - 2*u + 2, u - 21 = 2*z. Is (-5)/((-40)/22316) - (-4)/z prime?
True
Let i(c) = -95*c - 3. Is i(-2) prime?
False
Let f = 0 - -7. Let g(x) = -2 + 1 - 6 + 4*x**2 - 10*x + 8. Is g(f) a composite number?
False
Let i(k) = k**2 - 8*k + 5. Suppose -5*w + 2*b + 44 = 0, 9 = -4*w + 5*b + 51. Let v be i(w). Suppose -2*y - 3*z = -v*y + 573, -573 = -3*y - 5*z. Is y prime?
True
Let l(q) = 41*q**2 + 10*q - 13. Let b be ((-3)/5)/(0 + (-4)/40). Is l(b) prime?
True
Let h = -36 + 239. Let k(a) = -2*a**3 + 3*a**2 - 2*a - 6. Let q be k(-6). Suppose t = q + h. Is t prime?
False
Let u(f) = f**2 + 2*f - 4. Let x be u(2). Suppose x*s - 1354 = 2*s. Is s composite?
False
Let g be 0 + (-412)/((-3)/(-3)). Let o = g - -675. Suppose -5*m + o = 8. Is m a prime number?
False
Let j = 62 - 57. Suppose -1573 = j*t - 4968. Is t composite?
True
Let b be 2 - (3 - 15/3). Let o be 2 - (b - (-1 + 2)). Let l = o - -4. Is l a prime number?
True
Let t be (-8*36 - 3)/((-6)/4). Suppose 0 = 5*w - t - 381. Is w a composite number?
True
Suppose n + 6168 = 4*m - 20018, 4*m - 26198 = -5*n. Is m composite?
False
Let s = -202 + 794. Suppose -3*x + 2*z + 873 = 0, -3*x + 5*x + 2*z = s. Is x prime?
True
Let y(s) = -s**3 + 12*s**2 - 6*s + 12. Suppose 3*n - 20 + 2 = 0. Suppose -2*p = -n*p + 44. Is y(p) prime?
True
Is ((-28)/12)/(4/(-113172)*1) composite?
True
Is 6/27 - 187832/(-72) a composite number?
False
Suppose f - 4*f = 51. Let k = f + 21. Suppose -5*c = -5*w + 190, k*c + 44 = w - 3. Is w composite?
True
Let b = 40 - 40. Suppose -2*m + 2461 = -d, -4*m + m + 2*d + 3691 = b. Is m composite?
False
Let x(j) = -j. Let d(i) = 491*i + 1. Let r(k) = -d(k) - 3*x(k). Is r(-1) composite?
False
Let y be 1 + (4 - 6/1). Let s be 5 - 2 - (-1)/y. Suppose -4*k - 107 = -c + 10, -s*c + 227 = -k. Is c composite?
False
Let n(s) = -s**3 - 7*s**2 - s + 1. Let y be n(-6). Let b = y - -29. Suppose 4*t - 2*i - 1038 = 0, -2*i - 524 = -2*t - b*i. Is t a composite number?
False
Let r be (-16)/(-6)*3/(-2) - -44. Let b(g) = -2*g - 8. Let p be b(-6). Suppose -r = -5*n + 4*a + 5251, p*a + 1071 = n. Is n a prime number?
False
Suppose 0 = -5*w - 5*w + 280. Let s = w + 111. Is s prime?
True
Let o(p) = 78*p**2 - 21*p + 8. Let l be o(-6). Let b = l + -2079. Is b composite?
False
Let j = -168 - -169. Let x(b) = -1. Let d(w) = 56*w. Let f(o) = d(o) + x(o). Is f(j) composite?
True
Suppose 2*x - 11414 - 28504 = 0. Is x a composite number?
True
Let v = 3296 + 2795. Suppose 5*o + 0*k = k + v, 0 = 5*o + 2*k - 6103. Is o a composite number?
True
Let p be 2/(-4) - (-104)/(-16). Let l(j) = 7 - 2*j**2 + 0*j**2 + j**3 + 10*j**2 - 3*j. Is l(p) a prime number?
False
Suppose -4*d + 10 = -2*v, -7*d = -4*d + 2*v - 18. Let q(l) = 5*l**3 - l**2 - 5*l + 1. Let r be q(d). Suppose -r = -s - 4*s. Is s composite?
True
Let z(j) be the second derivative of j**4/3 - j**3/2 + 2*j. Suppose 4 = 4*x, 24 = 5*h - 4*x + 3. Is z(h) composite?
True
Let v = -1453 - -3350. Is v composite?
True
Suppose -39*w + 36*w + 84608 = m, 5*w - 141000 = m. Is w a prime number?
True
Let q(x) = x**2 - 8*x + 13. Let o(v) = v + 14. Let i be o(-8). Let a be q(i). Is 2/(-1) + 201/a a composite number?
False
Let m(c) = 279*c**2 + 49*c - 301. Is m(6) a prime number?
True
Suppose -7*g + 14 = -0*g. Let c be ((-86)/g)/(8/(-16)). Suppose -3*t + 163 = -c. Is t composite?
False
Let s(u) = u**3 + 4*u**2 + 3*u + 3. Let a be s(-4). Let b = a + 12. Suppose -6*h = -b*h - 318. Is h a prime number?
False
Let r(q) = 209*q**2 + 76*q - 331. Is r(4) a composite number?
True
Suppose -9*m + 7694 = -8794. Let v be 18/(-4)*8/(-12). Is 1/v + m/3 a prime number?
False
Suppose -3*r - o = o - 14, o = -5. Is (-3)/8 - (-1019)/r a prime number?
True
Let w = -5356 + 13257. Is w a prime number?
True
Let q = 4 + 1. Suppose q*c - 90 = 3*c. Let d = 71 - c. Is d a prime number?
False
Let l(h) = h + 11. Suppose 0 = b + 3, q + 4*b + 13 = -6. Let v be l(q). Suppose 0 = -3*k - 0*n + 5*n + 93, v*k - n - 124 = 0. Is k prime?
True
Let a = 6 + 0. Suppose -w - 35 = -a*w. Suppose w*u - 44 = 3*u. Is u a prime number?
True
Let z = 3376 + 7287. Is z a prime number?
True
Suppose -2*k - 3*v = -0*v - 10, 3*k + 3*v - 9 = 0. Is (25 - k) + 0/5 prime?
False
Let n(z) = -z + 1. Let d be n(-1). Suppose -d*w = -w - 961. Suppose 166 = -3*x + w. Is x prime?
False
Suppose 0*l - 3*b - 11 = 2*l, 4*l + 3*b + 7 = 0. Let t(c) = c**2 - 3*c**3 - 5 - 8*c + 3*c**3 + l*c**3 - 8*c**2. Is t(6) a composite number?
False
Let u = 2 + 2. Suppose -2*p - 2*v = -2228, u*p - p + 5*v = 3332. Is p composite?
True
Let r(x) = -x**3 - 4*x**2 + 5*x + 21. Is r(-5) a composite number?
True
Let p be ((-2)/4 + (-36)/120)*-20. Let r(x) be the second derivative of x**3 + 19*x**2/2 + 4*x. Is r(p) composite?
True
Suppose 7701 = 6*x - 16989. Is x prime?
False
Let p = 188 + 2519. Is p a prime number?
True
Suppose 29*p = 24*p + 15. Suppose 4*c - 653 = -5*g + 8366, p*c + 3*g = 6762. Is c composite?
False
Is (64/(-320))/(1